, 31
Suppose 3*l - 3455 - 1333 = 0. Suppose l = -29*p + 36*p. What are the prime factors of p?
2, 3, 19
Let k(f) = 2*f**2 - 23*f - 10. Let t be k(12). Suppose -5*c = 2*d - 44, -2*d + 0*c = -t*c - 16. Suppose z - 143 = -d*z. What are the prime factors of z?
11
List the prime factors of (1/(-6))/(52/(-3981224)) + (-2)/6.
2, 5, 11, 29
Let y = -19466 - -37476. What are the prime factors of y?
2, 5, 1801
Let i = -4981 - -10276. List the prime factors of i.
3, 5, 353
List the prime factors of (1071/(-238) + (-3)/4)*(-44768)/6.
2, 7, 1399
Let p(s) be the second derivative of s**5/20 - 2*s**4/3 - 19*s**3/6 + 19*s**2/2 - 21*s. List the prime factors of p(11).
173
Let r be (-4)/(-10) - (-128)/80. Suppose -r*f - 1790 = -12*f. What are the prime factors of f?
179
Let v(r) = r**3 + 2*r**2 + 11*r - 11. Let q be v(5). Suppose -224*d + q*d + 2230 = 0. What are the prime factors of d?
2, 223
What are the prime factors of ((413098/(-56))/19)/((-1)/20)?
5, 1553
Let o = 26687 + -12089. What are the prime factors of o?
2, 3, 811
Suppose -542770 = -29*q - 3613 + 344241. List the prime factors of q.
2, 3, 5077
Let c = -168 + 114. Let q = c + 59. Suppose q*k = 2*u - 385, 0 + 190 = u - 3*k. List the prime factors of u.
5, 41
Let g(w) = w**3 - 11*w**2 - 7*w. Let j be g(4). What are the prime factors of (-6210)/(-14) + 80/j?
443
Suppose 1704039 = 30*z + 27*z + 16*z. What are the prime factors of z?
3, 31, 251
Suppose -9*z = -6*z. Suppose 2*j + j - 744 = z. Suppose 6*x - j = 4*x. List the prime factors of x.
2, 31
List the prime factors of 3/(-7) + 0 + 2132715/91.
2, 3, 7, 31
Suppose -2*k + 78*u + 114010 = 73*u, -57017 = -k + u. What are the prime factors of k?
5, 2281
Let i be -1*-2*(-4 + 6). Suppose -96 = -i*z + 632. List the prime factors of z.
2, 7, 13
Let u(t) = 10*t - 18. Let v = 59 + -64. Let h(n) = 15*n - 27. Let p(x) = v*h(x) + 7*u(x). List the prime factors of p(-14).
79
Let f be -1 + 2 - -1*(2 - 3). Suppose f = -p + 9 - 5. Suppose -j + 203 = 4*c - 2*j, -5*j = p*c - 233. List the prime factors of c.
2, 13
Suppose 9 = -21*l + 30*l. List the prime factors of 6/(-15) - (l - (-14994)/(-35)).
7, 61
Let m = 49319 - 27253. List the prime factors of m.
2, 11, 17, 59
What are the prime factors of 4526 - ((-42)/35)/((-18)/(-60))?
2, 3, 5, 151
Suppose 2*r = n + 10, 4*r - 2*r - 3*n - 14 = 0. Let f be (8/(-5))/(r/5 + -1). What are the prime factors of 3*24 - (11 - f)?
3, 23
Suppose 4*o = 5*s + 2 + 3, -o - 10 = -5*s. Suppose 4*h - 4*a - 3249 = -701, -o*a = 0. What are the prime factors of -2 + 20/9 - h/(-9)?
71
Suppose d + 4*h = 23618, 8*d + 118006 = 13*d - h. What are the prime factors of d?
2, 11801
Suppose 4458 - 993 = -5*d. Let p = -322 - d. List the prime factors of p.
7, 53
Suppose -2*z - 3*t = -64287, 0 = -4*z - 2*t + 155952 - 27398. List the prime factors of z.
2, 3, 13, 103
Let w = -156 + 520. Suppose -w = -95*m + 88*m. List the prime factors of m.
2, 13
What are the prime factors of ((-124420)/(-70))/((-5)/(-35))?
2, 6221
Let y(m) be the third derivative of m**4/6 - 6*m**2. Let t be y(1). Suppose t*v = 6*v - 204. What are the prime factors of v?
2, 3, 17
Let g = 524 - 527. Let u(h) = 5*h**2 - 4*h + 1. Let a(i) = 16*i**2 - 12*i + 4. Let t(z) = -4*a(z) + 14*u(z). What are the prime factors of t(g)?
2, 19
Let r = 2638 + 35950. List the prime factors of r.
2, 11, 877
Let y(t) = -787*t**3 - 3*t**2 + 6*t - 1. Let k be y(1). Let f = 1356 + k. List the prime factors of f.
571
Let g(l) = l**3 + 17*l**2 - 5*l - 15. Let r(o) = -3*o**3 - 32*o**2 + 11*o + 29. Let f(j) = -5*g(j) - 2*r(j). List the prime factors of f(22).
3, 7
Let k = 53 + -50. Let b(h) = -10*h**2 + 7*h**k + 7*h**3 - 1 - 9*h - h - 13*h**3. What are the prime factors of b(11)?
2, 5
Suppose -w + 3 = -4*q + 26, -6 = 2*w. What are the prime factors of 616/20 - -1*1/q?
31
Suppose -956411 = 295*k - 6853461. List the prime factors of k.
2, 5, 1999
Suppose -12*o + 29*o - 68 = 0. Suppose 9*z - 2740 = 4*z - 5*q, 5*z - 2744 = -o*q. List the prime factors of z.
2, 3, 23
Let x = -67 - -72. What are the prime factors of 16010/45 + x/((-45)/(-2))?
2, 89
Let w be 56/7 - 2 - (-2)/(-1). Suppose -h - 4*h + 1570 = 5*g, -w*g = -5*h - 1247. List the prime factors of g.
313
Let f = 23 + -15. Suppose -4*x = -f - 8. Suppose 2*q = 4*s + 36, 5*s - s + 88 = x*q. What are the prime factors of q?
2, 13
Let w(f) = -f**2 + 2*f + 4. Let j be w(-6). Let k = -36 - j. Suppose -k*b - 2*b = -400. List the prime factors of b.
2, 5
What are the prime factors of ((-6948)/5)/(388/(-1455))?
3, 193
Let b be 148 - -3*(-8)/(-6). Let f be (144/10)/((-4)/30). Let o = f + b. What are the prime factors of o?
2, 11
Let r = -1808 + 9970. What are the prime factors of r?
2, 7, 11, 53
Let x(m) = -2*m**3 - m**2 + 1. Let b(f) = 98*f**3 - f**2 - 15*f + 34. Let w(s) = b(s) + 2*x(s). What are the prime factors of w(2)?
2, 373
Let k(n) = -43*n + 235. What are the prime factors of k(-29)?
2, 3, 13, 19
Suppose -9*a - 2383 - 614 = 0. Let s = a - -392. What are the prime factors of s?
59
Suppose 14291 = o + 4*u, -12*u + 7*u - 42941 = -3*o. Suppose -17*b = -74*b + o. List the prime factors of b.
251
Let j be ((-1407)/(-4))/(30/80). Suppose 4*u + j = 2*a, -u + 2290 = 17*a - 12*a. What are the prime factors of a?
3, 17
Let d(q) be the third derivative of 529*q**5/60 + 11*q**4/24 - 2*q**3 - 10*q**2 + 1. List the prime factors of d(1).
2, 3, 11
What are the prime factors of 145870/60 - ((-2)/9)/(48/(-36))?
11, 13, 17
Let k(q) = 12411*q - 493. List the prime factors of k(2).
24329
Suppose -6394*n + 6419*n - 332275 = 0. List the prime factors of n.
13291
Let x(b) = b**2 + b - 25. Let v be x(4). Let u(q) = -117*q - 100. List the prime factors of u(v).
5, 97
What are the prime factors of 497/(((-224)/(-304))/14)?
7, 19, 71
What are the prime factors of 38 + -40 + -3 + 1275?
2, 5, 127
Let p(o) = -1217*o - 2439. What are the prime factors of p(-13)?
2, 6691
Let t be 178/14 + (-8)/(-28). List the prime factors of 7*10/455 - (-13934)/t.
2, 67
Let r = 39314 - 26255. List the prime factors of r.
3, 1451
Let u = 182 - 184. What are the prime factors of 492*u/(24/(-4))?
2, 41
Let y = 100 + -81. Let j = y + -17. What are the prime factors of j/(-1)*(-105)/4*2?
3, 5, 7
Let m = 274 + -190. Suppose m = w + 70. Suppose -9*p = -w*p + 250. What are the prime factors of p?
2, 5
Let t(u) = u**3 + 10*u**2 - 5*u - 11. Let d = 214 + -220. List the prime factors of t(d).
163
Let p = 7880 - 7077. Suppose 3*v - 287 = 523. Suppose v = -13*n + p. What are the prime factors of n?
41
Let k = -54965 + 109711. List the prime factors of k.
2, 31, 883
List the prime factors of (-553028)/(-6)*1662/1939.
2, 19751
Suppose -o - d - 1310 = -7888, -32906 = -5*o + 3*d. What are the prime factors of o?
2, 5, 7, 47
Suppose -5*k - 2*o - 295 = 0, o - 5*o - 118 = 2*k. Let y be (-3)/(8 - (-356)/(-40))*24. Let x = y + k. What are the prime factors of x?
3, 7
Let s be (-9)/(-15)*30/9. Suppose 1266 + 1073 = 3*r - 5*n, s*r - 1562 = 2*n. List the prime factors of r.
3, 29
Suppose -15*i = -8*i - 2842. Let s = i + 18. What are the prime factors of s?
2, 53
Let c(h) = 2*h**3 - 10*h**2 + h - 1. Let t be c(8). Let k = -162 + t. List the prime factors of k.
229
Let g(n) = 3 + 5*n + 7 + 2*n**2 - 1. Let c be (-2 - 1*-16)*(-15)/30. List the prime factors of g(c).
2, 3
Suppose 25*t = -3*b + 24*t + 78623, -78621 = -3*b - 3*t. List the prime factors of b.
2, 3, 7, 13
Suppose -2*j - 2*n + 22 = j, 4*n - 8 = 3*j. Let r be (j + 3/(-3))*1. Suppose 146 = 2*a - r*y + 6*y, 12 = -3*y. List the prime factors of a.
79
Let i = -544 + 568. What are the prime factors of 374/3*252/i?
7, 11, 17
Let k be -31*(1/(-3))/(9/(-54)). Let o = k + 109. Let y = -44 + o. List the prime factors of y.
3
Suppose 13*g - 18 = 7*g. Suppose -4*u + 214 + 457 = g*v, 4*v - 840 = -5*u. List the prime factors of u.
2, 41
Suppose 5*x + s - 1039 = 460, -4*s - 4 = 0. List the prime factors of x.
2, 3, 5
Let f = -4008 + 25925. List the prime factors of f.
7, 31, 101
Let s(j) = 723*j**2 + 22*j - 53. What are the prime factors of s(3)?
2, 5, 163
Suppose -1541*n = -1544*n + 33669. Suppose 2*a - 11*a = -n. What are the prime factors of a?
29, 43
Let u = 55 - 192. Let m be (-1)/(-1)*((-252)/(-98))/(24/560). Let x = m - u. What are the prime factors of x?
197
Let v(f) = f**3 - 8*f**2 + 5